e 12, what is -856 + 16b1?
a57
In base 6, what is -2 - 1153011?
-1153013
In base 15, what is -7e7a - 0?
-7e7a
In base 5, what is 3 - -113204140?
113204143
In base 12, what is -4514 + 3?
-4511
In base 11, what is a + -152664?
-152655
In base 5, what is 20030200 + 0?
20030200
In base 11, what is 0 - 122465?
-122465
In base 4, what is -32 + -10322?
-11020
In base 7, what is -13646060 + 0?
-13646060
In base 6, what is 4 + 21155?
21203
In base 3, what is 112100101 - 21000?
112002101
In base 15, what is -28 - 5e6?
-61e
In base 5, what is 11121 - -32?
11203
In base 11, what is 9 + -21a7?
-2199
In base 15, what is -1497a + -1?
-1497b
In base 11, what is -1430 - -134?
-12a7
In base 9, what is -506 + 6281?
5674
In base 10, what is -18737 + -1?
-18738
In base 2, what is -11110011 + 1001001?
-10101010
In base 3, what is 222012 + 10?
222022
In base 4, what is -3122210 - 3?
-3122213
In base 12, what is 1 - -698367?
698368
In base 10, what is -430 - 11?
-441
In base 12, what is -60 + 149?
a9
In base 4, what is 11 - 20232130?
-20232113
In base 16, what is 98 - de?
-46
In base 7, what is -106610 - -10?
-106600
In base 16, what is ea6 - 3b?
e6b
In base 10, what is 4 + 36004?
36008
In base 10, what is -1771 + -187?
-1958
In base 8, what is -517235 - 1?
-517236
In base 8, what is 16321 - 123?
16176
In base 10, what is 1 + -35065?
-35064
In base 7, what is -4 - 112606?
-112613
In base 12, what is -3068 + -29?
-3095
In base 14, what is -4137 - -13?
-4124
In base 15, what is -359 + a?
-34e
In base 3, what is 101121 + 21122?
200020
In base 6, what is 4 + 45530311?
45530315
In base 9, what is -3225 - 164?
-3400
In base 2, what is -1011 - -1000011101011000000?
1000011101010110101
In base 7, what is 216 - -3346?
3565
In base 4, what is 11 - -1030023?
1030100
In base 4, what is -11101312030 - -11?
-11101312013
In base 6, what is -12 - -31305?
31253
In base 6, what is -34420 - 10?
-34430
In base 7, what is -4122 + 200?
-3622
In base 2, what is -10100101011001000 + -1?
-10100101011001001
In base 13, what is 3 + 3984?
3987
In base 5, what is 322 - -1232?
2104
In base 5, what is 23 + -24400?
-24322
In base 5, what is 100114 - -341?
101010
In base 8, what is -13003 - -2073?
-10710
In base 13, what is -9 + -2796?
-27a2
In base 5, what is -11 - -1230043?
1230032
In base 16, what is 452 + 2a?
47c
In base 9, what is -8 + -150717?
-150726
In base 15, what is -5d - -2aa?
24c
In base 13, what is 205a30 - -2?
205a32
In base 6, what is -5435 - -43?
-5352
In base 13, what is 1b70 + 1?
1b71
In base 9, what is 281 - 2338?
-2047
In base 3, what is -12101 + -121121?
-210222
In base 14, what is -ac4d43 - 1?
-ac4d44
In base 6, what is 1444 + 313?
2201
In base 5, what is 14 + -3440402?
-3440333
In base 9, what is -4 + 444635?
444631
In base 13, what is -478 + 23?
-455
In base 7, what is -4 + -513635?
-513642
In base 8, what is -3 + -3746?
-3751
In base 16, what is -40a1 + -11?
-40b2
In base 9, what is -3260 - 34?
-3304
In base 11, what is -681 - -23?
-659
In base 15, what is -2d21 - -3?
-2d1d
In base 8, what is 67 - -1262?
1351
In base 13, what is 2 + 1310?
1312
In base 2, what is -10110101101 - 111010000?
-11101111101
In base 11, what is 32839 - 3?
32836
In base 11, what is 0 - 847a22?
-847a22
In base 7, what is 36240 - 126?
36111
In base 7, what is 3 - -2510004?
2510010
In base 14, what is 48c + -307?
185
In base 4, what is -11132132201 - -10?
-11132132131
In base 4, what is 21312030 + -2?
21312022
In base 11, what is -3 + 29022?
2901a
In base 4, what is -13 - -100230122?
100230103
In base 10, what is 1685 - 12?
1673
In base 10, what is -33585 + 4?
-33581
In base 3, what is 2 + -12111121?
-12111112
In base 14, what is 0 - 3523?
-3523
In base 15, what is -23 + -18a9?
-18cc
In base 4, what is 120330 - 22?
120302
In base 5, what is -100134 + -11?
-100200
In base 7, what is 4 + 452355?
452362
In base 4, what is -1002123 - 111?
-1002300
In base 2, what is 101000111111 + 0?
101000111111
In base 2, what is -111110011 - -110?
-111101101
In base 6, what is -154 - 231132?
-231330
In base 5, what is 134 - 10232311?
-10232122
In base 5, what is 320 - -2020?
2340
In base 14, what is -d5 + 246b?
2376
In base 10, what is 6662708 - -5?
6662713
In base 16, what is 22c + 36?
262
In base 15, what is -2 + 28463?
28461
In base 7, what is 1 + 154?
155
In base 13, what is 0 - cc202?
-cc202
In base 11, what is -34 - 190?
-214
In base 9, what is -5 + -404770?
-404775
In base 14, what is -10aba4 + -5?
-10aba9
In base 4, what is 110120211 - 1?
110120210
In base 10, what is -1446189 - -4?
-1446185
In base 16, what is e9 - -1b6?
29f
In base 3, what is 0 + 1222101002?
1222101002
In base 13, what is 16 - 3b2b?
-3b15
In base 3, what is 12 + 201212101022?
201212101111
In base 13, what is -2cb6b - -5?
-2cb66
In base 12, what is -4997 + -29?
-4a04
In base 5, what is -3121422 + -2?
-3121424
In base 7, what is -45632245 - -4?
-45632241
In base 3, what is -2021201122 - 11?
-2021201210
In base 2, what is 1001101100110100 + 11?
1001101100110111
In base 11, what is 1077 + 2?
1079
In base 4, what is 201132020 + -20?
201132000
In base 12, what is 1 - -b583?
b584
In base 16, what is 1b - -c6c?
c87
In base 12, what is 9 - -9345?
9352
In base 7, what is -563 - 522?
-1415
In base 3, what is -220 - 22002010?
-22010000
In base 15, what is -2 - -74a68?
74a66
In base 14, what is -2c137 + 0?
-2c137
In base 5, what is 10 - 10230?
-10220
In base 5, what is 2121 - -43132?
100303
In base 4, what is -20002033 + 11?
-20002022
In base 13, what is 10 - 4c92b?
-4c91b
In base 11, what is -5904 - 191?
-5a95
In base 3, what is -2 - -101212012012?
101212012010
In base 2, what is 111110001 - 1010?
111100111
In base 15, what is 230b + 9a?
23a6
In base 6, what is -440324 + 11?
-440313
In base 12, what is -8659 - 13b?
-8798
In base 14, what is 15 + c86?
c9b
In base 15, what is -8425 + -2?
-8427
In base 10, what is 2 + -9736?
-9734
In base 7, what is -3231023 + -1?
-3231024
In base 15, what is e7e4 - 5?
e7de
In base 2, what is 10100110010 + -10110110?
10001111100
In base 15, what is -2 - -3940?
393d
In base 8, what is -5750 + -20?
-5770
In base 4, what is -10 - -12110331?
12110321
In base 3, what is -101 + -2122101?
-2122202
In base 7, what is -1516 - 4642?
-6461
In base 14, what is -a40 - -78?
-9a6
In base 2, what is -111010001010111 + 11000?
-111010000111111
In base 7, what is -43 + -444025?
-444101
In base 10, what is -87240 - -3?
-87237
In base 14, what is -8ad + -18?
-8c7
In base 9, what is 3 + 273684?
273687
In base 4, what is -11 - 133333?
-200010
In base 12, what is 28 + -a23?
-9b7
In base 4, what is 212222 + 22?
212310
In base 13, what is 186488 + a?
186495
In base 8, what is -3 - -237144?
237141
In base 4, what is 10010110320 + 0?
10010110320
In base 9, what is 28 - 244?
-215
In base 11, what is -28a30 + -46?
-28a76
In base 7, what is -643 - 33?
-1006
In base 10, what is -840 + 115?
-725
In base 12, what is -ba - 263?
-361
In base 12, what is 27 - 3b?
-14
In base 2, what is 101 + 110101100111?
110101101100
In base 8, what is 62673 - -10?
62703
In base 2, what is 0 + -101100111101001010000?
-101100111101001010000
In base 14, what is -2 - -ad36?
ad34
In base 11, what is -111 + -187?
-298
In base 9, what is 6350 + 134?
6484
In base 3, what is 222101200 - 11?
222101112
In base 2, what is -100000101010 + 1000010010?
-11000011000
In base 11, what is 38 - -7810?
7848
In base 5, what is 102441 - 4033?
43403
In base 10, what is 1 + 58820?
58821
In base 4, what is 20302 - 131?
20111
In base 2, what is 1000 + 11001001010100?
11001001011100
In base 3, what is -101210210222 - 0?
-101210210222
In base 13, what is -1559c - 11?
-155b0
In base 9, what is -2283031 - -3?
-2283027
In base 4, what is -2010121 + 20232?
-1323223
In base 3, what is -2112222122210 - -1?
-2112222122202
In base 6, what is 2 + 11342?
11344
In base 2, what is -1111101 + -11011?
-10011000
In base 13, what is -4a4 + -12a?
-601
In base 4, what is 12003311130 + 0?
12003311130
In base 16, what is 270d - 6?
2707
In base 15, what is 6d - -234?
2a2
In base 13, what is 1 - 61445?
-61444
In base 6, what is 1344 - -103?
1451
In base 15, what is 1 - -107e05?
107e06
In base 4, what is -112210 - -133?
-112011
In base 6, what is 141 - 1502?
-1321
In base 14, what is 1 - 12781?
-12780
In base 10, what is 